4
What is the remainder when 2 + -140*1292/(-95) is divided by 60?
46
Suppose -4*m - 2*o = -4164, m + 3*o - 381 = 670. What is the remainder when 2088 is divided by m?
10
Let p be ((-6)/9)/((-32)/(-48)). What is the remainder when 1*-5*(1 + -2) is divided by p*1*1*5/(-5)?
0
Let v(d) = d**2 - 77*d - 315. Calculate the remainder when 30 is divided by v(-4).
3
Suppose 119 = 8*c + 3*c - 244. Calculate the remainder when 1183 is divided by c.
28
Let y(p) = 105 - 29*p**2 + 20*p**3 - 5*p**3 - 28*p - 16*p**3 + p. Calculate the remainder when y(-28) is divided by 17.
9
Let u(r) = -r**3 - 21*r**2 + 56*r - 297. Calculate the remainder when 1052 is divided by u(-24).
8
Let i(z) = z - 6*z - 20 - 2*z - z. What is the remainder when 3 + 5*(-6)/(-10) is divided by i(-3)?
2
Suppose 156*y + 230 = 161*y. Suppose 0 = -50*r + y*r + 140. What is the remainder when r is divided by 9?
8
Suppose -3*g = -613 + 205. Suppose -44*k + 45*k = -4*w, 0 = -3*k + 4*w + 80. What is the remainder when g is divided by k?
16
Let j(f) = -f**3 + 9*f**2 - 11*f - 13. Suppose 0 = q + 69 - 76. Let y be j(q). Suppose y*n - 6*n = 26. What is the remainder when 21 is divided by n?
8
Let r = 127 + -219. Let g = 403 - 202. Let j = r + g. Calculate the remainder when j is divided by 10.
9
Suppose 37 = 5*n - 8. Suppose -o = 2*r - 65, -4*r + 5*o + 321 = 212. Calculate the remainder when r is divided by n.
4
Let v(b) = -4*b + 1. Let t = -47 - 15. Let a = t - -65. What is the remainder when v(-1) is divided by a?
2
Calculate the remainder when ((-340)/(-136))/((-14)/(-10200)) + (-16)/(-28) is divided by 165.
7
Suppose 25*k + 29*k + 81 = 57*k. What is the remainder when 147 is divided by k?
12
Suppose o + 5 = 4, -g + o + 3 = 0. Suppose 315*u = -79*u + 11032. What is the remainder when u is divided by g/(-7) + (-88)/(-14)?
4
What is the remainder when 1083 is divided by (-12)/18 - (-60914)/57?
15
Suppose -5*b + 0*b = -145. Let m = 2133 - 2020. What is the remainder when m is divided by b?
26
Let p(g) = -957*g - 188. Calculate the remainder when p(-1) is divided by 76.
9
Suppose 1206 = -572*c + 577*c - 3*q, -5*q = -3*c + 698. Calculate the remainder when 522 is divided by c.
30
Let a(m) = -439*m - 3823. What is the remainder when 411 is divided by a(-9)?
27
Let x = 9 - 6. Suppose -2*a + 135 = x*a. Suppose -17*z + 14*z = -42. Calculate the remainder when a is divided by z.
13
Suppose 3*h - 2*v = -7*v - 68, 4*h - 4*v = -144. Let a be (-95)/(-38)*1/((-1)/10). Let t = a - h. What is the remainder when 40 is divided by t?
4
Let a(s) = -s**2 - 34*s - 66. Suppose h - 33 = -54*l + 55*l, 2*l + 3*h + 56 = 0. Let x = 4 - -11. Calculate the remainder when a(l) is divided by x.
12
Calculate the remainder when 2189 is divided by 750/20*(96/(-30) - -4).
29
Let o = 8384 + -8376. Calculate the remainder when o is divided by 2.
0
Let t(j) = -j**2 + 122*j - 2683. What is the remainder when t(93) is divided by 1?
0
Let q = -1330 - -2433. Suppose -q + 202 = -17*x. Suppose -3*j - 2*f - 48 = -6*j, -27 = -3*j - 5*f. Calculate the remainder when x is divided by j.
11
Suppose 0 = -2*f + 2*s + 128, -2*f - s = -2*s - 130. Calculate the remainder when 52 is divided by (2/(-2))/((-6)/f).
8
Suppose -s + 142 = 5*a, 38 = a - s + 6*s. Calculate the remainder when (-234)/(-4)*a/21 is divided by 17.
10
Let u(y) = 51*y - 253. Let n be u(5). Suppose 2*g - 10 = 3*r, 0 = n*r - 10 + 2. Calculate the remainder when 141 - (3 - (-4)/(-2)) is divided by g.
8
Suppose -50*m + 24 = -47*m + 3*u, m + 4*u = 20. What is the remainder when (-3 + 0 + 0)*-14 is divided by m?
2
Suppose 63*m - 89518 = 248855. What is the remainder when m is divided by 1788?
7
Let t(d) = -d**2 + 33 + 7*d - 5*d**3 - 36 + 2*d**3. Let i be t(-4). Suppose 2*h - 29 + 12 = -x, -5*h - i = -5*x. What is the remainder when 71 is divided by x?
21
Suppose -137*f + 4037 = -4868. What is the remainder when f is divided by 468/20 + 4/(-10)?
19
Suppose 27*p - 88 - 95 = 87. What is the remainder when 7969 is divided by p?
9
Suppose 1325 = z + 49*s - 53*s, 0 = 3*z - 5*s - 3933. Calculate the remainder when z is divided by 62.
61
Let u = 215 + -110. Suppose -11*m - u + 336 = 0. What is the remainder when m is divided by 7?
0
Suppose -5*u - y - 4525 = 0, -2*u + 4*y - 1269 - 563 = 0. Calculate the remainder when u/(-10) - (-156)/390 is divided by 20.
11
Let y = -21 + 39. Suppose -y*l = -13*l. Suppose x + l*x - 66 = 0. Calculate the remainder when x is divided by 17.
15
Let f(n) = -n**3 + 4*n**2 - 5*n + 6. Let y be f(-6). Let m = 398 - y. Let k(v) = v + 8. What is the remainder when k(-4) is divided by m?
0
Let n = 8597 + -7758. What is the remainder when n is divided by 3?
2
Let s be 2 + ((-7)/(21/(-150)) - -2). Calculate the remainder when (60/(-16))/(s/(-1224)) is divided by (1 - -1)*5 + -2.
5
Suppose 4*w = -2*p + 12, 2*p - 3*p = -3*w + 9. Calculate the remainder when 336/(-36)*(-36)/16 is divided by w.
0
What is the remainder when (-16 - (-232)/16)*(-11384)/12 is divided by 291?
259
Suppose -2*c - 3*j - 24 = -129, 6 = 2*j. Calculate the remainder when c is divided by 23.
2
Let t = 249 - 227. Suppose -378 = t*r - 31*r. Calculate the remainder when r is divided by 23.
19
Suppose -18 - 49 = -5*d + 63. Calculate the remainder when 556 is divided by d.
10
Let a(w) = -6*w**3 - 2*w**2 - 3*w + 3. Let o be a(5). Calculate the remainder when 2*(-1212)/36*6/(-4) is divided by (-2)/(-12) + o/(-24).
33
Suppose 52 = 2*y - 0*y. Let u = -10393 + 10459. Calculate the remainder when u is divided by y.
14
Let r(f) = 478*f + 20090. Suppose 5*p + 3*j - 150 = 0, -2*j - 3*j + 25 = 0. Calculate the remainder when p is divided by r(-42).
13
Let f(g) = g**3 - 2*g**2 - 2*g. Let a be f(3). Let y be (-32)/(-48) - (-7)/a. Suppose 0 = y*w + 3*w - 72. What is the remainder when w is divided by 8?
4
Let x(w) = -w + 10. Let h be x(7). Let a be (-108)/((-1)/(-24)*-9). Calculate the remainder when 46 is divided by a/60*10/h.
14
Let u(q) be the third derivative of 0*q + 4/3*q**3 + 6*q**2 + 0 - 1/24*q**4. Calculate the remainder when u(-4) is divided by 7.
5
Suppose -17*g - 56 = 80. What is the remainder when 47 is divided by 1/(-8) - 57/g?
5
Let d(f) = -f**2 - 19*f - 86. Let x be d(-8). Suppose 5*s - 4*s + 433 = x*w, -5*s = 3*w - 630. What is the remainder when w is divided by 62?
29
Suppose 2*m - 2*p = 56, 6*m - 196 = -89*p + 88*p. What is the remainder when 334/6 - (-2)/(-3) is divided by m?
23
Let w = 363 - 196. Let x = w - 153. Calculate the remainder when x is divided by 4.
2
Suppose 5*u = -v - 6, 4*v + 0*u - 48 = 4*u. Calculate the remainder when 122 is divided by v.
5
Let t(m) = -m**3 + 32*m**2 - 144*m - 39. Calculate the remainder when t(12) is divided by 127.
97
Let h(z) = 4*z**3 + 204*z**2 - 24*z - 209. Calculate the remainder when h(-50) is divided by 12.
11
Suppose j - 2*u - 60 = 447, 10 = 5*u. Suppose -4*f = -79 - 177. What is the remainder when j is divided by f?
63
Suppose -l = 0, -256 = -w + 12*l - 15*l. Calculate the remainder when w is divided by 10/65 + 334/26.
9
What is the remainder when -1 - (-405 - (19 + -1)) is divided by 4?
2
Let z be (-10)/(3*6/(-288)). Suppose 0 = 20*f - 10*f - z. Let p = 108 + -29. What is the remainder when p is divided by f?
15
Suppose -17*s - 288 = -89*s. What is the remainder when 193 is divided by s?
1
Let f(z) = 269*z - 144*z - 44 - 135*z. Suppose -7*a + 14 = -9*a. What is the remainder when 90 is divided by f(a)?
12
Let j(b) = 424*b**2 + 320*b - 642. What is the remainder when j(2) is divided by 213?
203
Let m(c) = 55*c**3 + 17*c**2 + 8*c - 7. Calculate the remainder when m(3) is divided by 119.
108
Suppose 3*j + 294 = 10*j. Suppose -4*n + 234 = j. Suppose -140 = -4*c - n. Calculate the remainder when 88 is divided by c.
19
Suppose 5*p = 5*g + 145, -3*g = -3*p - p + 116. Let t = 41 - -43. What is the remainder when t is divided by p?
26
Let l be ((-6)/(-5))/((-18)/(-60)) + 4. Calculate the remainder when 67 is divided by (-2 - 4/l)/(3/(-12)).
7
Let r(m) = -m**3 - 24*m**2 - 74*m - 654. Let u = 12 - 4. What is the remainder when u is divided by r(-22)?
2
Let o(x) = 6*x**2 + 65*x - 263. What is the remainder when 302 is divided by o(4)?
23
Let x(g) = 206*g**2. Suppose 4*j - 3*d - 160 + 44 = 0, -5*j - 4*d + 207 = 0. Calculate the remainder when x(-1) is divided by j.
31
Supp